 (base 3) to base 15.
-823
Convert -1637 (base 11) to base 7.
-6054
Convert 1241112 (base 5) to base 6.
305324
Convert -626 (base 7) to base 16.
-13a
37457 (base 8) to base 5
1004200
What is 13121 (base 4) in base 14?
25b
What is -1120 (base 4) in base 14?
-64
-2722 (base 9) to base 4
-133331
What is -460d (base 15) in base 12?
-8727
-51 (base 16) to base 12
-69
What is 12d8 (base 14) in base 11?
2554
-49c (base 13) to base 15
-38a
-3144 (base 5) to base 16
-1a8
-19744 (base 11) to base 16
-6b7b
-32704 (base 8) to base 9
-20783
6c42 (base 16) to base 8
66102
-1611 (base 9) to base 12
-861
Convert -4326 (base 9) to base 5.
-100213
What is -60442 (base 8) in base 7?
-132332
What is 5758 (base 9) in base 15?
13e5
What is 12001010 (base 3) in base 2?
111001011011
Convert 4450 (base 14) to base 3.
121020011
Convert -452 (base 9) to base 16.
-173
What is 4b3 (base 14) in base 10?
941
What is 433 (base 16) in base 5?
13300
Convert a68 (base 12) to base 5.
22040
Convert -11100010 (base 2) to base 10.
-226
242365 (base 7) to base 3
2020111021
-130a0 (base 11) to base 2
-100100100111000
Convert -20404 (base 8) to base 13.
-3b02
-6520 (base 10) to base 7
-25003
112001011 (base 3) to base 5
311422
Convert -43224 (base 8) to base 4.
-10122110
Convert 1021001000 (base 3) to base 7.
132225
Convert 101101111110000 (base 2) to base 3.
1012021201
-577 (base 9) to base 10
-475
What is 43186 (base 10) in base 7?
236623
Convert ac1 (base 16) to base 3.
10202222
-32211 (base 4) to base 16
-3a5
What is -4ab (base 16) in base 14?
-615
What is 333010 (base 4) in base 8?
7704
-2b0b (base 12) to base 5
-130201
What is 145 (base 11) in base 13?
101
Convert -6d (base 15) to base 5.
-403
-495 (base 13) to base 5
-11143
Convert -42114 (base 5) to base 13.
-1362
-47576 (base 9) to base 2
-111110001001101
What is 3301023 (base 4) in base 12?
8b23
Convert 1b6 (base 13) to base 15.
163
Convert -500 (base 13) to base 2.
-1101001101
What is -2020 (base 7) in base 8?
-1274
Convert 22201021 (base 3) to base 15.
1d37
-12231 (base 4) to base 3
-120220
Convert -1000000011 (base 2) to base 13.
-308
-5433 (base 12) to base 15
-2b20
-630 (base 13) to base 6
-4513
Convert e535 (base 16) to base 13.
20928
320211 (base 4) to base 9
4863
What is 7379 (base 10) in base 9?
11108
32114 (base 8) to base 11
a071
-546 (base 7) to base 2
-100010111
Convert -318 (base 15) to base 11.
-585
2122000 (base 3) to base 10
1917
What is 125225 (base 6) in base 3?
120211022
1111210 (base 3) to base 13
669
Convert 1b135 (base 12) to base 16.
9bf9
What is 2023 (base 4) in base 15?
94
What is -1101001001 (base 2) in base 13?
-4c9
Convert -6408 (base 11) to base 6.
-103130
122 (base 6) to base 12
42
What is -1002110101 (base 3) in base 4?
-11033203
-1110100110110 (base 2) to base 4
-1310312
Convert 364 (base 9) to base 11.
254
What is -41005 (base 6) in base 14?
-1d81
Convert -1327 (base 8) to base 10.
-727
-1eb4 (base 16) to base 6
-100220
Convert -3313222 (base 4) to base 2.
-11110111101010
-22 (base 3) to base 4
-20
Convert -1c5 (base 16) to base 15.
-203
3548 (base 14) to base 9
13646
What is 1022301 (base 4) in base 8?
11261
-1100 (base 2) to base 8
-14
What is 3a7 (base 11) in base 10?
480
-1441 (base 5) to base 4
-3312
Convert -5a8 (base 11) to base 16.
-2d3
Convert -1100010100101000 (base 2) to base 5.
-3103342
-10533 (base 15) to base 4
-30221112
What is -1223013 (base 5) in base 4?
-11233110
What is 1478 (base 9) in base 7?
3164
Convert -c0 (base 13) to base 2.
-10011100
-431 (base 14) to base 11
-692
-10210200020 (base 3) to base 15
-172a0
-548 (base 11) to base 2
-1010010001
Convert 1000101010011 (base 2) to base 4.
1011103
What is 15350 (base 6) in base 3?
10110010
12022 (base 3) to base 16
8f
dd1 (base 14) to base 12
16b7
2411 (base 7) to base 9
1188
What is 112051 (base 6) in base 2?
10010100111111
102222100 (base 3) to base 2
10001000011010
What is -1370 (base 8) in base 14?
-3c4
Convert -106 (base 15) to base 14.
-127
What is -10020 (base 3) in base 6?
-223
Convert -98 (base 10) to base 13.
-77
6566 (base 7) to base 11
1848
Convert d31d (base 16) to base 9.
82120
What is -404010 (base 5) in base 15?
-3cc0
Convert -2254 (base 6) to base 14.
-2a6
Convert 21133030 (base 4) to base 2.
1001011111001100
-1056 (base 12) to base 2
-11100000010
2579 (base 10) to base 2
101000010011
What is 20313022 (base 4) in base 13?
136a2
Convert 255 (base 14) to base 2.
111010011
Convert 2021333 (base 4) to base 11.
66a9
-4340 (base 5) to base 2
-1001010011
Convert 10010001111011 (base 2) to base 9.
13726
Convert -110001110 (base 2) to base 5.
-3043
-1301314 (base 5) to base 12
-12709
What is 142303 (base 5) in base 6?
43321
-639 (base 10) to base 16
-27f
What is -381 (base 14) in base 16?
-2bd
Convert 1155 (base 6) to base 7.
560
What is fd8 (base 16) in base 13?
1b00
What is -21102122 (base 4) in base 7?
-215624
2b1 (base 12) to base 2
110100101
Convert 26b (base 13) to base 5.
3202
2ab (base 14) to base 12
393
What is 1133031 (base 4) in base 11?
463a
Convert -6d0b (base 14) to base 7.
-106314
3172 (base 8) to base 13
9a7
What is -12508 (base 11) in base 8?
-42774
-202001 (base 3) to base 11
-452
-2555 (base 10) to base 6
-15455
What is -36264 (base 10) in base 9?
-54663
110110101 (base 2) to base 13
278
Convert 522 (base 15) to base 4.
102011
Convert -331303 (base 4) to base 12.
-2357
-3344 (base 8) to base 7
-5100
What is 12513 (base 7) in base 10?
3342
Convert -5664 (base 7) to base 16.
-807
Convert -896 (base 12) to base 7.
-3456
-bcdc (base 14) to base 6
-411310
-101021 (base 4) to base 6
-5025
Convert 110110110000 (base 2) to base 8.
6660
What is 12964 (base 10) in base 13?
5b93
What is -1954 (base 13) in base 14?
-1547
Convert 1432 (base 15) to base 14.
180a
What is 8a2 (base 12) in base 11?
a59
What is -23141 (base 7) in base 11?
-4492
-7118 (base 10) to base 3
-100202122
Convert 43515 (base 6) to base 11.
4586
Convert 8515 (base 13) to base 7.
104521
What is -271 (base 14) in base 9?
-605
-1679 (base 12) to base 8
-5175
2470 (base 9) to base 8
3465
What is -1221112 (base 4) in base 13?
-30b8
Convert 4134 (base 8) to base 15.
97a
What is -201110 (base 3) in base 15?
-250
What is 5301 (base 9) in base 10?
3889
-2ef (base 16) to base 5
-11001
Convert -867b (base 15) to base 7.
-145664
What is bc9 (base 13) in base 5?
31044
What is 2402 (base 9) in base 4?
123320
-12569 (base 10) to base 11
-9497
What is 14c0a (base 15) in base 4?
100110103
-12002121 (base 3) to base 16
-e83
Convert 102011120 (base 3) to base 15.
262c
5216 (base 13) to base 7
45032
What is -4141 (base 5) in base 6?
-2310
Convert -1011101100000 (base 2) to base 4.
-1131200
Convert -2102100 (base 3) to base 12.
-1030
What is 100112 (base 4) in base 13?
626
-2553 (base 8) to base 14
-711
Convert 25888 (base 10) to base 12.
12b94
What is -326 (base 7) in base 6?
-435
3a26 (base 11) to base 5
131411
Convert -2555 (base 7) to base 15.
-44b
-229 (base 13) to base 11
-30a
Convert 101458 (base 9) to base 14.
17ccb
Convert 452 (base 8) to base 4.
10222
Convert 359c (base 13) to base 10.
7565
-1760 (base 10) to base 7
-5063
Convert 4731 (base 10) to base 15.
1606
What is -4424 (base 11) in base 10?
-5834
Convert 533 (base 13) to base 14.
475
What is -57054 (base 8) in base 5?
-1232413
What is -1307 (base 10) in base 3?
-1210102
1102120 (base 3) to base 9
1376
Convert -1aa (base 11) to base 3.
-22221
956 (base 14) to base 2
11100110000
Convert 10445 (base 6) to base 13.
890
Convert 60145 (base 8) to base 15.
74a2
What is -602 (base 8) in base 5?
-3021
-2060 (base 8) to base 10
-1072
What is 2010020 (base 3) in base 9?
2106
Convert 16172 (base 13) to base 10.
42005
What is -aa3 (base 15) in base 13?
-112b
-1917 (base 10) to base 9
-2560
-1012212221 (base 3) to base 6
-302554
-2463 (base 9) to base 4
-130233
1035 (base 12) to base 14
905
Convert -15147 (base 9) to base 16.
-285a
Convert -7755 (base 13) to base 3.
-211211000
Convert 10421 (base 6) to base 5.
21303
What is -165 (base 10) in base 6?
-433
What is -3311 (base 7) in base 4?
-102200
Convert 26a (base 13) to base 4.
12222
Convert -2012 (base 9) to base 2.
-10110111101
What is -1133 (base 4) in base 7?
-164
-11d (base 15) to base 10
-253
Convert -488 (base 14) to base 3.
-1020111
What is -513 